7
What are the prime factors of 7394?
2, 3697
What are the prime factors of 769?
769
List the prime factors of 886.
2, 443
What are the prime factors of 27517?
7, 3931
What are the prime factors of 29743?
7, 607
What are the prime factors of 41159?
79, 521
What are the prime factors of 1517?
37, 41
List the prime factors of 4741.
11, 431
List the prime factors of 10007.
10007
What are the prime factors of 546?
2, 3, 7, 13
List the prime factors of 1917.
3, 71
List the prime factors of 2190.
2, 3, 5, 73
List the prime factors of 122891.
122891
What are the prime factors of 1848?
2, 3, 7, 11
List the prime factors of 6278.
2, 43, 73
List the prime factors of 21205.
5, 4241
List the prime factors of 11138.
2, 5569
List the prime factors of 46.
2, 23
What are the prime factors of 4927?
13, 379
List the prime factors of 7247.
7247
List the prime factors of 1771.
7, 11, 23
List the prime factors of 6572.
2, 31, 53
List the prime factors of 319.
11, 29
What are the prime factors of 31099?
137, 227
What are the prime factors of 3737?
37, 101
List the prime factors of 1928.
2, 241
What are the prime factors of 1220?
2, 5, 61
What are the prime factors of 2208?
2, 3, 23
What are the prime factors of 9778?
2, 4889
List the prime factors of 3051.
3, 113
List the prime factors of 11835.
3, 5, 263
What are the prime factors of 2994?
2, 3, 499
What are the prime factors of 51389?
13, 59, 67
What are the prime factors of 37210?
2, 5, 61
What are the prime factors of 1778?
2, 7, 127
What are the prime factors of 2522?
2, 13, 97
What are the prime factors of 184969?
184969
What are the prime factors of 5444?
2, 1361
What are the prime factors of 44654?
2, 83, 269
List the prime factors of 1264.
2, 79
List the prime factors of 24562.
2, 12281
What are the prime factors of 1483?
1483
What are the prime factors of 1206?
2, 3, 67
What are the prime factors of 2233?
7, 11, 29
List the prime factors of 20082.
2, 3, 3347
List the prime factors of 46665.
3, 5, 17, 61
List the prime factors of 9594.
2, 3, 13, 41
List the prime factors of 13049.
13049
What are the prime factors of 4134?
2, 3, 13, 53
List the prime factors of 297.
3, 11
What are the prime factors of 2501?
41, 61
What are the prime factors of 1562?
2, 11, 71
What are the prime factors of 67332?
2, 3, 31, 181
List the prime factors of 990.
2, 3, 5, 11
What are the prime factors of 5602?
2, 2801
List the prime factors of 37926.
2, 3, 7, 43
What are the prime factors of 26371?
26371
What are the prime factors of 750?
2, 3, 5
What are the prime factors of 46003?
179, 257
What are the prime factors of 7848?
2, 3, 109
What are the prime factors of 785?
5, 157
List the prime factors of 5554.
2, 2777
List the prime factors of 26.
2, 13
What are the prime factors of 9827?
31, 317
List the prime factors of 1028.
2, 257
What are the prime factors of 25585?
5, 7, 17, 43
List the prime factors of 101369.
167, 607
What are the prime factors of 2147?
19, 113
List the prime factors of 293.
293
What are the prime factors of 2635?
5, 17, 31
What are the prime factors of 5567?
19, 293
List the prime factors of 4092.
2, 3, 11, 31
What are the prime factors of 146426?
2, 7, 10459
List the prime factors of 101348.
2, 13, 1949
List the prime factors of 34611.
3, 83, 139
List the prime factors of 10016.
2, 313
What are the prime factors of 497?
7, 71
What are the prime factors of 19314?
2, 3, 29, 37
What are the prime factors of 145455?
3, 5, 9697
List the prime factors of 91997.
91997
What are the prime factors of 117221?
13, 71, 127
List the prime factors of 33091.
33091
What are the prime factors of 1982?
2, 991
What are the prime factors of 119420?
2, 5, 7, 853
What are the prime factors of 1109?
1109
List the prime factors of 24316.
2, 6079
What are the prime factors of 5820?
2, 3, 5, 97
List the prime factors of 102841.
102841
What are the prime factors of 896?
2, 7
List the prime factors of 27558.
2, 3, 1531
What are the prime factors of 849?
3, 283
What are the prime factors of 1226?
2, 613
List the prime factors of 9446.
2, 4723
What are the prime factors of 31096?
2, 13, 23
What are the prime factors of 7944?
2, 3, 331
List the prime factors of 691.
691
List the prime factors of 34875.
3, 5, 31
List the prime factors of 654.
2, 3, 109
List the prime factors of 82.
2, 41
List the prime factors of 7386.
2, 3, 1231
What are the prime factors of 834?
2, 3, 139
What are the prime factors of 2223?
3, 13, 19
What are the prime factors of 1408?
2, 11
List the prime factors of 889.
7, 127
List the prime factors of 701.
701
What are the prime factors of 60523?
29, 2087
List the prime factors of 13603.
61, 223
List the prime factors of 10432.
2, 163
What are the prime factors of 867?
3, 17
What are the prime factors of 1736?
2, 7, 31
List the prime factors of 1799.
7, 257
List the prime factors of 399.
3, 7, 19
List the prime factors of 9597.
3, 7, 457
List the prime factors of 3923.
3923
List the prime factors of 108240.
2, 3, 5, 11, 41
What are the prime factors of 9417?
3, 43, 73
What are the prime factors of 16406?
2, 13, 631
List the prime factors of 12981.
3, 4327
What are the prime factors of 19555?
5, 3911
List the prime factors of 29733.
3, 11, 17, 53
What are the prime factors of 66425?
5, 2657
What are the prime factors of 479?
479
List the prime factors of 12706.
2, 6353
What are the prime factors of 52649?
17, 19, 163
What are the prime factors of 78466?
2, 39233
List the prime factors of 220.
2, 5, 11
List the prime factors of 5176.
2, 647
List the prime factors of 237.
3, 79
What are the prime factors of 59971?
59971
List the prime factors of 806.
2, 13, 31
List the prime factors of 2143.
2143
List the prime factors of 74617.
29, 31, 83
List the prime factors of 892.
2, 223
List the prime factors of 142973.
142973
List the prime factors of 2906.
2, 1453
List the prime factors of 955.
5, 191
List the prime factors of 406.
2, 7, 29
What are the prime factors of 622?
2, 311
List the prime factors of 152.
2, 19
What are the prime factors of 12412?
2, 29, 107
List the prime factors of 1861.
1861
List the prime factors of 1311.
3, 19, 23
What are the prime factors of 31576?
2, 3947
What are the prime factors of 3137?
3137
List the prime factors of 1234.
2, 617
List the prime factors of 25839.
3, 11, 29
List the prime factors of 16574.
2, 8287
List the prime factors of 99197.
7, 37, 383
List the prime factors of 3195.
3, 5, 71
List the prime factors of 3302.
2, 13, 127
List the prime factors of 2837.
2837
What are the prime factors of 1323?
3, 7
What are the prime factors of 4364?
2, 1091
What are the prime factors of 3513?
3, 1171
List the prime factors of 886.
2, 443
List the prime factors of 1200.
2, 3, 5
What are the prime factors of 2383?
2383
What are the prime factors of 39064?
2, 19, 257
List the prime factors of 3599.
59, 61
List the prime factors of 8514.
2, 3, 11, 43
What are the prime factors of 71316?
2, 3, 7, 283
What are the prime factors of 30?
2, 3, 5
What are the prime factors of 811?
811
List the prime factors of 639.
3, 71
What are the prime factors of 828?
2, 3, 23
List the prime factors of 53303.
151, 353
List the prime factors of 687.
3, 229
What are the prime factors of 7653?
3, 2551
List the prime factors of 72.
2, 3
List the prime factors of 7380.
2, 3, 5, 41
List the prime factors of 820.
2, 5, 41
List the prime factors of 11817.
3, 13, 101
What are the prime factors of 90148?
2, 31, 727
What are the prime factors of 4437?
3, 17, 29
List the prime factors of 19145.
5, 7, 547
What are the prime factors of 3525?
3, 5, 47
What are the prime factors of 915?
3, 5, 61
List the prime factors of 152.
2, 19
What are the prime factors of 11968?
2, 11, 17
List the prime factors of 20245.
5, 4049
List the prime factors of 882.
2, 3, 7
What are the prime factors of 65229?
3, 17, 1279
List the prime factors of 57935.
5, 11587
List the prime factors of 127964.
2, 31991
What are the prime factors of 12472?
2, 1559
What are the prime factors of 72574?
2, 131, 277
What are the prime factors of 8875?
5, 71
What are the prime factors of 66076?
2, 16519
List the prime factors of 830.
2, 5, 83
What are the prime factors of 96425?
5, 7, 19, 29
What are the prime factors of 2517?
3, 839
List the prime factors of 34